{"id":184,"date":"2020-03-12T12:48:09","date_gmt":"2020-03-12T11:48:09","guid":{"rendered":"http:\/\/degre6escalade.fr\/?page_id=184"},"modified":"2020-03-12T14:23:21","modified_gmt":"2020-03-12T13:23:21","slug":"encadrement","status":"publish","type":"page","link":"https:\/\/degre6escalade.fr\/?page_id=184","title":{"rendered":"Encadrement"},"content":{"rendered":"\n<p>Les r\u00e9f\u00e9rents de s\u00e9ances en SAE sont des encadrants b\u00e9n\u00e9voles dipl\u00f4m\u00e9s de brevets f\u00e9d\u00e9raux d\u00e9livr\u00e9s par la FFCAM \u00e0 la suite de formations sp\u00e9cifiques.  Les dipl\u00f4mes minimum requis pour devenir r\u00e9f\u00e9rents de s\u00e9ance sont l&#8217;initiateur SAE, l&#8217;UFCA (&#8220;unit\u00e9 de formation commune aux activit\u00e9s&#8221;) et le PSC1 (&#8220;premier secours&#8221;). Pour devenir encadrants de la section, allez voir sur <a href=\"http:\/\/degre6escalade.fr\/?page_id=58\">cette page<\/a>.<\/p>\n\n\n\n<h2>R\u00e9f\u00e9rents de s\u00e9ances au gymnase Alice Millat<\/h2>\n\n\n\n<iframe loading=\"lazy\" width=\"500px\" height=\"700px\" scrolling=\"auto\" src=\"https:\/\/docs.google.com\/spreadsheets\/d\/e\/2PACX-1vR_79bAOs4A4ghg_FLl_yzDQLfYNyncr3MsNcwyZXKbI3cZiXhlU10OFbbzhcDMnv5qnzOpzogda46Z\/pubhtml?gid=0&amp;single=true&amp;widget=true&amp;headers=false\"><\/iframe>\n","protected":false},"excerpt":{"rendered":"<p>Les r\u00e9f\u00e9rents de s\u00e9ances en SAE sont des encadrants b\u00e9n\u00e9voles dipl\u00f4m\u00e9s de brevets f\u00e9d\u00e9raux d\u00e9livr\u00e9s par la FFCAM \u00e0 la suite de formations sp\u00e9cifiques. Les dipl\u00f4mes minimum requis pour devenir r\u00e9f\u00e9rents de s\u00e9ance sont l&#8217;initiateur SAE, l&#8217;UFCA (&#8220;unit\u00e9 de formation commune aux activit\u00e9s&#8221;) et le PSC1 (&#8220;premier secours&#8221;). Pour devenir encadrants de la section, allez voir sur cette page. R\u00e9f\u00e9rents de s\u00e9ances au gymnase Alice Millat<\/p>\n","protected":false},"author":1,"featured_media":0,"parent":0,"menu_order":0,"comment_status":"closed","ping_status":"closed","template":"","meta":{"_bbp_topic_count":0,"_bbp_reply_count":0,"_bbp_total_topic_count":0,"_bbp_total_reply_count":0,"_bbp_voice_count":0,"_bbp_anonymous_reply_count":0,"_bbp_topic_count_hidden":0,"_bbp_reply_count_hidden":0,"_bbp_forum_subforum_count":0},"_links":{"self":[{"href":"https:\/\/degre6escalade.fr\/index.php?rest_route=\/wp\/v2\/pages\/184"}],"collection":[{"href":"https:\/\/degre6escalade.fr\/index.php?rest_route=\/wp\/v2\/pages"}],"about":[{"href":"https:\/\/degre6escalade.fr\/index.php?rest_route=\/wp\/v2\/types\/page"}],"author":[{"embeddable":true,"href":"https:\/\/degre6escalade.fr\/index.php?rest_route=\/wp\/v2\/users\/1"}],"replies":[{"embeddable":true,"href":"https:\/\/degre6escalade.fr\/index.php?rest_route=%2Fwp%2Fv2%2Fcomments&post=184"}],"version-history":[{"count":7,"href":"https:\/\/degre6escalade.fr\/index.php?rest_route=\/wp\/v2\/pages\/184\/revisions"}],"predecessor-version":[{"id":195,"href":"https:\/\/degre6escalade.fr\/index.php?rest_route=\/wp\/v2\/pages\/184\/revisions\/195"}],"wp:attachment":[{"href":"https:\/\/degre6escalade.fr\/index.php?rest_route=%2Fwp%2Fv2%2Fmedia&parent=184"}],"curies":[{"name":"wp","href":"https:\/\/api.w.org\/{rel}","templated":true}]}}