{"id":207,"date":"2020-03-13T15:26:24","date_gmt":"2020-03-13T14:26:24","guid":{"rendered":"http:\/\/degre6escalade.fr\/?page_id=207"},"modified":"2020-03-13T15:33:12","modified_gmt":"2020-03-13T14:33:12","slug":"liens-topos-sites-meteo","status":"publish","type":"page","link":"https:\/\/degre6escalade.fr\/?page_id=207","title":{"rendered":"Liens, topos, sites m\u00e9t\u00e9o&#8230;"},"content":{"rendered":"\n<h3>Toutes les infos sur les blocs \u00e0 Fontainebleau sur <a href=\"http:\/\/bleau.info\">bleau.info<\/a><\/h3>\n\n\n\n<figure class=\"wp-block-image size-large\"><a href=\"https:\/\/bleau.info\" target=\"_blank\" rel=\"noreferrer noopener\"><img decoding=\"async\" loading=\"lazy\" width=\"1024\" height=\"567\" src=\"http:\/\/degre6escalade.fr\/wp-content\/uploads\/2020\/03\/bleau_info-1024x567.png\" alt=\"\" class=\"wp-image-208\" srcset=\"https:\/\/degre6escalade.fr\/wp-content\/uploads\/2020\/03\/bleau_info-1024x567.png 1024w, https:\/\/degre6escalade.fr\/wp-content\/uploads\/2020\/03\/bleau_info-300x166.png 300w, https:\/\/degre6escalade.fr\/wp-content\/uploads\/2020\/03\/bleau_info-768x425.png 768w, https:\/\/degre6escalade.fr\/wp-content\/uploads\/2020\/03\/bleau_info-1536x850.png 1536w, https:\/\/degre6escalade.fr\/wp-content\/uploads\/2020\/03\/bleau_info-2048x1134.png 2048w, https:\/\/degre6escalade.fr\/wp-content\/uploads\/2020\/03\/bleau_info-488x270.png 488w, https:\/\/degre6escalade.fr\/wp-content\/uploads\/2020\/03\/bleau_info-1038x576.png 1038w\" sizes=\"(max-width: 1024px) 100vw, 1024px\" \/><\/a><\/figure>\n\n\n\n<h3>Toutes les derni\u00e8res news escalade sur <a href=\"https:\/\/kairn.com\">kairn.com<\/a><\/h3>\n\n\n\n<iframe height=\"500px\" scrolling=\"auto\" src=\"https:\/\/kairn.com\"><\/iframe>\n\n\n\n<h3>Topos complets, itin\u00e9raires, points GPS et forums sur <a href=\"https:\/\/camptocamp.fr\">camptocamp.fr<\/a><\/h3>\n\n\n\n<iframe height=\"500px\" scrolling=\"auto\" src=\"https:\/\/www.camptocamp.org\"><\/iframe>\n\n\n\n<h3>M\u00e9t\u00e9o pr\u00e9cise et images radar sur <a href=\"https:\/\/meteociel.fr\">meteociel.fr<\/a> et <a href=\"https:\/\/meteoblue.com\">meteoblue.com<\/a><\/h3>\n\n\n\n<iframe height=\"500px\" scrolling=\"auto\" src=\"https:\/\/meteociel.fr\"><\/iframe>\n\n\n\n<iframe src=\"https:\/\/www.meteoblue.com\/fr\/meteo\/widget\/daily\/fontainebleau_france_3018074?geoloc=fixed&#038;days=4&#038;tempunit=CELSIUS&#038;windunit=KILOMETER_PER_HOUR&#038;precipunit=MILLIMETER&#038;coloured=coloured&#038;pictoicon=0&#038;pictoicon=1&#038;maxtemperature=0&#038;maxtemperature=1&#038;mintemperature=0&#038;mintemperature=1&#038;windspeed=0&#038;windspeed=1&#038;windgust=0&#038;winddirection=0&#038;winddirection=1&#038;uv=0&#038;humidity=0&#038;precipitation=0&#038;precipitation=1&#038;precipitationprobability=0&#038;precipitationprobability=1&#038;spot=0&#038;spot=1&#038;pressure=0&#038;layout=light\"  frameborder=\"0\" scrolling=\"NO\" allowtransparency=\"true\" sandbox=\"allow-same-origin allow-scripts allow-popups allow-popups-to-escape-sandbox\" style=\"width: 216px; height: 369px\"><\/iframe><div><!-- DO NOT REMOVE THIS LINK --><a href=\"https:\/\/www.meteoblue.com\/fr\/meteo\/semaine\/fontainebleau_france_3018074?utm_source=weather_widget&#038;utm_medium=linkus&#038;utm_content=daily&#038;utm_campaign=Weather%2BWidget\" target=\"_blank\" rel=\"noopener noreferrer\">meteoblue<\/a><\/div>\n\n\n\n<h3>Carte IGN des massifs<\/h3>\n\n\n\n<iframe loading=\"lazy\" width=\"600\" height=\"400\" frameborder=\"0\" scrolling=\"no\" marginheight=\"0\" marginwidth=\"0\" sandbox=\"allow-forms allow-scripts allow-same-origin\" src=\"https:\/\/www.geoportail.gouv.fr\/embed\/visu.html?c=6.448677321908998,44.88703562657403&amp;z=15&amp;l0=GEOGRAPHICALGRIDSYSTEMS.MAPS.SCAN-EXPRESS.STANDARD:WMTS(1)&amp;permalink=yes\" allowfullscreen=\"\"><\/iframe>\n","protected":false},"excerpt":{"rendered":"<p>Toutes les infos sur les blocs \u00e0 Fontainebleau sur bleau.info Toutes les derni\u00e8res news escalade sur kairn.com Topos complets, itin\u00e9raires, points GPS et forums sur camptocamp.fr M\u00e9t\u00e9o pr\u00e9cise et images radar sur meteociel.fr et meteoblue.com meteoblue Carte IGN des massifs<\/p>\n","protected":false},"author":3,"featured_media":0,"parent":0,"menu_order":0,"comment_status":"closed","ping_status":"closed","template":"","meta":{"_bbp_topic_count":0,"_bbp_reply_count":0,"_bbp_total_topic_count":0,"_bbp_total_reply_count":0,"_bbp_voice_count":0,"_bbp_anonymous_reply_count":0,"_bbp_topic_count_hidden":0,"_bbp_reply_count_hidden":0,"_bbp_forum_subforum_count":0},"_links":{"self":[{"href":"https:\/\/degre6escalade.fr\/index.php?rest_route=\/wp\/v2\/pages\/207"}],"collection":[{"href":"https:\/\/degre6escalade.fr\/index.php?rest_route=\/wp\/v2\/pages"}],"about":[{"href":"https:\/\/degre6escalade.fr\/index.php?rest_route=\/wp\/v2\/types\/page"}],"author":[{"embeddable":true,"href":"https:\/\/degre6escalade.fr\/index.php?rest_route=\/wp\/v2\/users\/3"}],"replies":[{"embeddable":true,"href":"https:\/\/degre6escalade.fr\/index.php?rest_route=%2Fwp%2Fv2%2Fcomments&post=207"}],"version-history":[{"count":4,"href":"https:\/\/degre6escalade.fr\/index.php?rest_route=\/wp\/v2\/pages\/207\/revisions"}],"predecessor-version":[{"id":214,"href":"https:\/\/degre6escalade.fr\/index.php?rest_route=\/wp\/v2\/pages\/207\/revisions\/214"}],"wp:attachment":[{"href":"https:\/\/degre6escalade.fr\/index.php?rest_route=%2Fwp%2Fv2%2Fmedia&parent=207"}],"curies":[{"name":"wp","href":"https:\/\/api.w.org\/{rel}","templated":true}]}}