{"id":29,"date":"2020-03-04T23:44:56","date_gmt":"2020-03-04T22:44:56","guid":{"rendered":"http:\/\/degre6escalade.fr\/?page_id=29"},"modified":"2020-03-13T18:50:55","modified_gmt":"2020-03-13T17:50:55","slug":"page-accueil","status":"publish","type":"page","link":"https:\/\/degre6escalade.fr\/","title":{"rendered":"Accueil"},"content":{"rendered":"\n<h2>Bienvenue sur Degr\u00e9 6<\/h2>\n\n\n\n<p><strong>Degr\u00e9 6 est le site web de la section escalade de l\u2019Association Sportive de&nbsp;Sorbonne Universit\u00e9 (ASSU) et du club FFCAM GCN (Gr\u00e8s Calcaires et Neiges)<\/strong>.<\/p>\n\n\n\n<p>Une pr\u00e9sentation de la section est faite&nbsp;<a rel=\"noreferrer noopener\" aria-label=\"ici (s\u2019ouvre dans un nouvel onglet)\" href=\"http:\/\/degre6escalade.fr\/?page_id=26\" target=\"_blank\">ici<\/a>. Elle est accessible \u00e0 tous les \u00e9tudiants et personnels du campus Pierre et Marie Curie (Sorbonne Universit\u00e9) et de certains \u00e9tablissements conventionn\u00e9s. Les modalit\u00e9s d\u2019inscription sont d\u00e9taill\u00e9es sur&nbsp;<a rel=\"noreferrer noopener\" href=\"http:\/\/web.archive.org\/web\/20180809105832\/http:\/\/degre6.fr\/l_as_escalade\/inscription-et-conditions-dacces\/\" target=\"_blank\">cette <\/a><a rel=\"noreferrer noopener\" aria-label=\"page (s\u2019ouvre dans un nouvel onglet)\" href=\"http:\/\/degre6escalade.fr\/?page_id=24\" target=\"_blank\">page<\/a>. La section escalade de l&#8217;ASSU dispose de cr\u00e9neaux d\u2019entra\u00eenement sur&nbsp;<a rel=\"noreferrer noopener\" href=\"http:\/\/web.archive.org\/web\/20180809105832\/http:\/\/degre6.fr\/l_as_escalade\/entrainements-et-lieux-de-grimpe\/\" target=\"_blank\">deux <\/a><a href=\"http:\/\/degre6escalade.fr\/?page_id=22\" target=\"_blank\" rel=\"noreferrer noopener\" aria-label=\"murs (s\u2019ouvre dans un nouvel onglet)\">murs<\/a>. Elle propose une activit\u00e9 loisir, mais \u00e9galement la possibilit\u00e9 de participer \u00e0 des&nbsp;<a rel=\"noreferrer noopener\" href=\"http:\/\/web.archive.org\/web\/20180809105832\/http:\/\/degre6.fr\/l_as_escalade\/la-competition\/\" target=\"_blank\">comp\u00e9titions<\/a>&nbsp;universitaires, et ceci quelque soit votre niveau initial.<\/p>\n\n\n\n<figure class=\"wp-block-image\"><a href=\"http:\/\/web.archive.org\/web\/20180809105832\/http:\/\/degre6.fr\/wp-content\/uploads\/2014\/09\/Gymnase_1.jpg\"><img decoding=\"async\" src=\"http:\/\/web.archive.org\/web\/20180809105832im_\/http:\/\/degre6.fr\/wp-content\/uploads\/2014\/09\/Gymnase_1-168x300.jpg\" alt=\"Escalade sur le mur du Gymnase Alice Millat\" class=\"wp-image-1037\"\/><\/a><\/figure>\n\n\n\n<p>Escalade sur le mur du Gymnase Alice Millat<\/p>\n\n\n\n<div class=\"wp-block-image\"><figure class=\"alignright\"><a href=\"http:\/\/web.archive.org\/web\/20180809105832\/http:\/\/degre6.fr\/wp-content\/uploads\/2014\/09\/Falaise_1.jpg\"><img decoding=\"async\" src=\"http:\/\/web.archive.org\/web\/20180809105832im_\/http:\/\/degre6.fr\/wp-content\/uploads\/2014\/09\/Falaise_1-199x300.jpg\" alt=\"Falaise_1\" class=\"wp-image-1038\"\/><\/a><\/figure><\/div>\n\n\n\n<p>Adoss\u00e9 \u00e0 la section escalade de l\u2019ASSU,\u00a0<a rel=\"noreferrer noopener\" href=\"http:\/\/web.archive.org\/web\/20180809105832\/http:\/\/degre6.fr\/l_as_escalade\/le-club-caf-gcn\/\" target=\"_blank\">GCN<\/a>\u00a0est un\u00a0club adh\u00e9rent \u00e0 la\u00a0<a rel=\"noreferrer noopener\" href=\"http:\/\/web.archive.org\/web\/20180809105832\/http:\/\/www.ffcam.fr\/\" target=\"_blank\">FFCAM<\/a> (F\u00e9d\u00e9ration Fran\u00e7aise des Clubs Alpins et de Montagne), qui assure l\u2019encadrement de la section. Les activit\u00e9s ext\u00e9rieures, autres que l\u2019escalade pratiqu\u00e9e dans le cadre de l\u2019ASSU, sont aussi assur\u00e9es par l\u2019adh\u00e9sion \u00e0 GCN.<\/p>\n\n\n\n<p>La section propose une dynamique de\u00a0<a rel=\"noreferrer noopener\" href=\"http:\/\/web.archive.org\/web\/20180809105832\/http:\/\/degre6.fr\/l_as_escalade\/formations\/\" target=\"_blank\">formation<\/a>\u00a0forte, en permettant aux d\u00e9butants de devenir autonomes, aussi bien en salle qu\u2019en milieu naturel. Nous profitons des weekends pour organiser r\u00e9guli\u00e8rement des\u00a0<a href=\"http:\/\/web.archive.org\/web\/20180809105832\/http:\/\/degre6.fr\/l_as_escalade\/les-sorties\/\">sorties<\/a>\u00a0: bloc \u00e0 Fontainebleau, voies au viaduc des Fauvettes ou en Bourgogne. Deux rassemblements (r\u00e9serv\u00e9s aux adh\u00e9rents form\u00e9s) sont aussi organis\u00e9s chaque ann\u00e9e : le premier pendant les vacances de printemps (escalade sur des falaises du sud de la France), et le second l\u2019\u00e9t\u00e9, en montagne, offrant une large plage d\u2019activit\u00e9s (escalade, alpinisme, randonn\u00e9e\u2026). Les sorties, qu\u2019elles soient r\u00e9alis\u00e9es dans le cadre de l\u2019ASSU, de GCN, ou propos\u00e9es \u00e0 titre priv\u00e9, sont organis\u00e9es (covoiturage, logement, mat\u00e9riel\u2026) gr\u00e2ce au\u00a0<a rel=\"noreferrer noopener\" href=\"http:\/\/web.archive.org\/web\/20180809105832\/http:\/\/degre6.fr\/forums\/\" target=\"_blank\">forum de l\u2019association<\/a>.<\/p>\n\n\n\n<p>Enfin, l\u2019ASSU escalade et GCN offrent aussi la possibilit\u00e9 de rencontrer des personnes, qui partagent la m\u00eame passion de la grimpe. Au fil du temps, un vrai groupe d\u2019amis s\u2019est constitu\u00e9 dans une tr\u00e8s bonne ambiance. Ce plaisir de partager d\u2019agr\u00e9ables moments ensemble ressort non seulement lors des s\u00e9ances en salle et des sorties, mais aussi lors d\u2019activit\u00e9s parfois sans lien direct avec l\u2019escalade.<\/p>\n\n\n\n<h3><strong>Bienvenue dans le club&nbsp;!!<\/strong><\/h3>\n\n\n\n<figure class=\"wp-block-image is-resized\"><a href=\"http:\/\/web.archive.org\/web\/20180809105832\/http:\/\/degre6.fr\/wp-content\/uploads\/2014\/09\/Montage_1.jpg\"><img decoding=\"async\" loading=\"lazy\" src=\"http:\/\/web.archive.org\/web\/20180809105832im_\/http:\/\/degre6.fr\/wp-content\/uploads\/2014\/09\/Montage_1-300x100.jpg\" alt=\"Montage_1\" class=\"wp-image-1030\" width=\"548\" height=\"183\"\/><\/a><\/figure>\n\n\n\n<p><\/p>\n","protected":false},"excerpt":{"rendered":"<p>Bienvenue sur Degr\u00e9 6 Degr\u00e9 6 est le site web de la section escalade de l\u2019Association Sportive de&nbsp;Sorbonne Universit\u00e9 (ASSU) et du club FFCAM GCN (Gr\u00e8s Calcaires et Neiges). Une pr\u00e9sentation de la section est faite&nbsp;ici. Elle est accessible \u00e0 tous les \u00e9tudiants et personnels du campus Pierre et Marie Curie (Sorbonne Universit\u00e9) et de certains \u00e9tablissements conventionn\u00e9s. Les modalit\u00e9s d\u2019inscription sont d\u00e9taill\u00e9es sur&nbsp;cette page. La section escalade de l&#8217;ASSU dispose de cr\u00e9neaux d\u2019entra\u00eenement sur&nbsp;deux murs. Elle propose une activit\u00e9&#8230;<\/p>\n<p class=\"read-more\"><a class=\"btn btn-default\" href=\"https:\/\/degre6escalade.fr\/\">Lire la suite<span class=\"screen-reader-text\"> Lire la suite<\/span><\/a><\/p>\n","protected":false},"author":1,"featured_media":0,"parent":0,"menu_order":0,"comment_status":"closed","ping_status":"closed","template":"","meta":{"_bbp_topic_count":0,"_bbp_reply_count":0,"_bbp_total_topic_count":0,"_bbp_total_reply_count":0,"_bbp_voice_count":0,"_bbp_anonymous_reply_count":0,"_bbp_topic_count_hidden":0,"_bbp_reply_count_hidden":0,"_bbp_forum_subforum_count":0},"_links":{"self":[{"href":"https:\/\/degre6escalade.fr\/index.php?rest_route=\/wp\/v2\/pages\/29"}],"collection":[{"href":"https:\/\/degre6escalade.fr\/index.php?rest_route=\/wp\/v2\/pages"}],"about":[{"href":"https:\/\/degre6escalade.fr\/index.php?rest_route=\/wp\/v2\/types\/page"}],"author":[{"embeddable":true,"href":"https:\/\/degre6escalade.fr\/index.php?rest_route=\/wp\/v2\/users\/1"}],"replies":[{"embeddable":true,"href":"https:\/\/degre6escalade.fr\/index.php?rest_route=%2Fwp%2Fv2%2Fcomments&post=29"}],"version-history":[{"count":5,"href":"https:\/\/degre6escalade.fr\/index.php?rest_route=\/wp\/v2\/pages\/29\/revisions"}],"predecessor-version":[{"id":220,"href":"https:\/\/degre6escalade.fr\/index.php?rest_route=\/wp\/v2\/pages\/29\/revisions\/220"}],"wp:attachment":[{"href":"https:\/\/degre6escalade.fr\/index.php?rest_route=%2Fwp%2Fv2%2Fmedia&parent=29"}],"curies":[{"name":"wp","href":"https:\/\/api.w.org\/{rel}","templated":true}]}}

<h2>Bienvenue sur Degré 6</h2>



<p><strong>Degré 6 est le site web de la section escalade de l’Association Sportive de&nbsp;Sorbonne Université (ASSU) et du club FFCAM GCN (Grès Calcaires et Neiges)</strong>.</p>



<p>Une présentation de la section est faite&nbsp;<a rel="noreferrer noopener" aria-label="ici (s’ouvre dans un nouvel onglet)" href="http://degre6escalade.fr/?page_id=26" target="_blank">ici</a>. Elle est accessible à tous les étudiants et personnels du campus Pierre et Marie Curie (Sorbonne Université) et de certains établissements conventionnés. Les modalités d’inscription sont détaillées sur&nbsp;<a rel="noreferrer noopener" href="http://web.archive.org/web/20180809105832/http://degre6.fr/l_as_escalade/inscription-et-conditions-dacces/" target="_blank">cette </a><a rel="noreferrer noopener" aria-label="page (s’ouvre dans un nouvel onglet)" href="http://degre6escalade.fr/?page_id=24" target="_blank">page</a>. La section escalade de l&#8217;ASSU dispose de créneaux d’entraînement sur&nbsp;<a rel="noreferrer noopener" href="http://web.archive.org/web/20180809105832/http://degre6.fr/l_as_escalade/entrainements-et-lieux-de-grimpe/" target="_blank">deux </a><a href="http://degre6escalade.fr/?page_id=22" target="_blank" rel="noreferrer noopener" aria-label="murs (s’ouvre dans un nouvel onglet)">murs</a>. Elle propose une activité loisir, mais également la possibilité de participer à des&nbsp;<a rel="noreferrer noopener" href="http://web.archive.org/web/20180809105832/http://degre6.fr/l_as_escalade/la-competition/" target="_blank">compétitions</a>&nbsp;universitaires, et ceci quelque soit votre niveau initial.</p>



<figure class="wp-block-image"><a href="http://web.archive.org/web/20180809105832/http://degre6.fr/wp-content/uploads/2014/09/Gymnase_1.jpg"><img decoding="async" src="http://web.archive.org/web/20180809105832im_/http://degre6.fr/wp-content/uploads/2014/09/Gymnase_1-168x300.jpg" alt="Escalade sur le mur du Gymnase Alice Millat" class="wp-image-1037"/></a></figure>



<p>Escalade sur le mur du Gymnase Alice Millat</p>



<div class="wp-block-image"><figure class="alignright"><a href="http://web.archive.org/web/20180809105832/http://degre6.fr/wp-content/uploads/2014/09/Falaise_1.jpg"><img decoding="async" src="http://web.archive.org/web/20180809105832im_/http://degre6.fr/wp-content/uploads/2014/09/Falaise_1-199x300.jpg" alt="Falaise_1" class="wp-image-1038"/></a></figure></div>



<p>Adossé à la section escalade de l’ASSU, <a rel="noreferrer noopener" href="http://web.archive.org/web/20180809105832/http://degre6.fr/l_as_escalade/le-club-caf-gcn/" target="_blank">GCN</a> est un club adhérent à la <a rel="noreferrer noopener" href="http://web.archive.org/web/20180809105832/http://www.ffcam.fr/" target="_blank">FFCAM</a> (Fédération Française des Clubs Alpins et de Montagne), qui assure l’encadrement de la section. Les activités extérieures, autres que l’escalade pratiquée dans le cadre de l’ASSU, sont aussi assurées par l’adhésion à GCN.</p>



<p>La section propose une dynamique de <a rel="noreferrer noopener" href="http://web.archive.org/web/20180809105832/http://degre6.fr/l_as_escalade/formations/" target="_blank">formation</a> forte, en permettant aux débutants de devenir autonomes, aussi bien en salle qu’en milieu naturel. Nous profitons des weekends pour organiser régulièrement des <a href="http://web.archive.org/web/20180809105832/http://degre6.fr/l_as_escalade/les-sorties/">sorties</a> : bloc à Fontainebleau, voies au viaduc des Fauvettes ou en Bourgogne. Deux rassemblements (réservés aux adhérents formés) sont aussi organisés chaque année : le premier pendant les vacances de printemps (escalade sur des falaises du sud de la France), et le second l’été, en montagne, offrant une large plage d’activités (escalade, alpinisme, randonnée…). Les sorties, qu’elles soient réalisées dans le cadre de l’ASSU, de GCN, ou proposées à titre privé, sont organisées (covoiturage, logement, matériel…) grâce au <a rel="noreferrer noopener" href="http://web.archive.org/web/20180809105832/http://degre6.fr/forums/" target="_blank">forum de l’association</a>.</p>



<p>Enfin, l’ASSU escalade et GCN offrent aussi la possibilité de rencontrer des personnes, qui partagent la même passion de la grimpe. Au fil du temps, un vrai groupe d’amis s’est constitué dans une très bonne ambiance. Ce plaisir de partager d’agréables moments ensemble ressort non seulement lors des séances en salle et des sorties, mais aussi lors d’activités parfois sans lien direct avec l’escalade.</p>



<h3><strong>Bienvenue dans le club&nbsp;!!</strong></h3>



<figure class="wp-block-image is-resized"><a href="http://web.archive.org/web/20180809105832/http://degre6.fr/wp-content/uploads/2014/09/Montage_1.jpg"><img decoding="async" loading="lazy" src="http://web.archive.org/web/20180809105832im_/http://degre6.fr/wp-content/uploads/2014/09/Montage_1-300x100.jpg" alt="Montage_1" class="wp-image-1030" width="548" height="183"/></a></figure>



<p></p>

<p>Bienvenue sur Degré 6 Degré 6 est le site web de la section escalade de l’Association Sportive de&nbsp;Sorbonne Université (ASSU) et du club FFCAM GCN (Grès Calcaires et Neiges). Une présentation de la section est faite&nbsp;ici. Elle est accessible à tous les étudiants et personnels du campus Pierre et Marie Curie (Sorbonne Université) et de certains établissements conventionnés. Les modalités d’inscription sont détaillées sur&nbsp;cette page. La section escalade de l&#8217;ASSU dispose de créneaux d’entraînement sur&nbsp;deux murs. Elle propose une activité&#8230;</p>
<p class="read-more"><a class="btn btn-default" href="https://degre6escalade.fr/">Lire la suite<span class="screen-reader-text"> Lire la suite</span></a></p>
